hat is the remainder when q/(-10) - -1*585/n is divided by 6?
5
Let y = 46 - 42. Suppose 0 = -5*f + 3*n + 49 + 36, 3*n + 57 = 3*f. Calculate the remainder when (1 - 139)*(-2)/y is divided by f.
13
Suppose 2*r - 25 - 37 = 0. What is the remainder when 134 is divided by r?
10
Let a = 27536 - 27515. What is the remainder when 988 is divided by a?
1
Suppose -41*t + 26*t = -293 - 157. What is the remainder when 5394 is divided by t?
24
Suppose 4*w - 301 = -i, 0 = -2*i + 3*i + w - 307. What is the remainder when i is divided by 39?
36
Suppose -17*r + 1193 = 513 - 1598. What is the remainder when 932 is divided by r?
128
Suppose -4*d + 995 = k, 0 = -5*d + k + 150 + 1096. Calculate the remainder when 4477 is divided by d.
244
Suppose 0 = 21*q + 3 - 45. Suppose q*k + 2126 = 2226. What is the remainder when 849 is divided by k?
49
Let m be ((-33)/12)/(1/(-28)). Suppose m = 3*h - f, 4*h - f - 119 = -15. What is the remainder when h is divided by 1/((-6)/(-61)) - 20/120?
7
Let z = -1757 - -3144. What is the remainder when z is divided by 50?
37
Suppose -38*r - 4*r - 800 = -92*r. Let l(p) = 140*p + 4. Calculate the remainder when l(2) is divided by r.
12
Let h(d) = -2*d + 4. Let q be h(4). Let g(j) = j**3 - 2*j**2 - 11*j - 148. Calculate the remainder when g(7) is divided by (4/(-6))/(q/66).
9
Let y = -57 + 87. Suppose 3*q = 3*z + 15, 5*q + z - y - 19 = 0. Suppose -435 = -6*m - q*m. Calculate the remainder when 112 is divided by m.
25
Suppose 0 = 4*n - 2*b - 42, -44*n + 3*b = -43*n - 23. Suppose 3*d + 258 = 6*d. Let z = 154 - d. Calculate the remainder when z is divided by n.
4
Suppose 475 = 48*h - 3605. Calculate the remainder when 309 is divided by h.
54
Let v be 6 + 12/3 + -7. Calculate the remainder when (51 + -4)*(5 - 4)*v is divided by 18.
15
Let y be 2/10 - (-44156)/70. Suppose y + 2537 = 18*c. Calculate the remainder when c is divided by 12.
8
Suppose -k + 3*r + 95 = 0, -48 - 35 = -k - r. Calculate the remainder when 2491 is divided by k.
83
Let v(j) = 5*j**2 - 66*j + 6. Let s be v(13). What is the remainder when (s + 10)/(2/42) is divided by 16?
15
Let d(b) be the first derivative of -b**2/2 - 11*b + 33. Calculate the remainder when 45 is divided by d(-24).
6
Suppose -h - 162 = -n, n = -4*n - 3*h + 810. Suppose 0 = -3*d - 0*d - 3*i + 177, -3*d + 2*i + n = 0. What is the remainder when 216 is divided by d?
48
Let m(r) = 4*r**2 + 1. Let p be 4/14 + (-85)/(-119). Suppose -50 = -2*t - 44. What is the remainder when m(p) is divided by t?
2
Let q = -2588 + 2667. What is the remainder when q is divided by (-2 - -6) + 7 + -8?
1
Suppose 355*l - 91 = 348*l. What is the remainder when (3/(-2))/((-18)/408) is divided by l?
8
Let o(b) = 3*b + 12. Let i be o(-5). Let z be (10 + -2)*(-8 - i). Let s = -27 - z. Calculate the remainder when 37 is divided by s.
11
Let j = -1193 + 1289. Calculate the remainder when j is divided by 14.
12
Let l(m) = -2*m**2 + 29*m - 4. Let t be l(15). Let j = t + 23. Suppose 8*p = j*p + 44. What is the remainder when 43 is divided by p?
10
Let g = -546 + 805. Let l = g - 201. Let s(w) = 9*w**2 - 3*w + 1. What is the remainder when l is divided by s(2)?
27
Suppose -2*d - 23 = -75. Calculate the remainder when 66 + 9/4 + (-7)/28 is divided by d.
16
Suppose -30*o - 58 = -33*o + 71. What is the remainder when 497 is divided by o?
24
Let x(l) = -4*l + 5. Let t be x(-1). Let y = 8 + t. Calculate the remainder when 542 is divided by y.
15
Suppose 5*g - 255 = -5*t, 0 = 2*t + 2*g - 4*g - 114. What is the remainder when ((-6783)/(-147) + -39)/((-1)/(-14)) is divided by t?
46
Suppose 78 = 3*z - 0*d - 3*d, 4*d - 88 = -4*z. Let o = -221 - -268. Calculate the remainder when o is divided by z.
23
Suppose 5511 = 9*g - 141. Let x = g + -603. Calculate the remainder when 297 is divided by x.
22
Suppose 4 = -l + 9. Let w = 8 + l. What is the remainder when (-2)/(10/555*-3) is divided by w?
11
Let h be -3 + ((-1)/((-4)/188) - -3). Suppose 4*c - h = -3*s, 3*s - 5*s = -c - 2. Let n = 26 + 3. What is the remainder when n is divided by c?
5
Let l = -51 + 52. Let w be l + -3 + 864/12. Suppose 2*m - 9 = 3*h, 2*h = 7*m - 12*m + w. Calculate the remainder when m is divided by 7.
5
Let f = 7600 + -7474. What is the remainder when 148 is divided by f?
22
Let x be -405 - -18 - (0/1 + 1). Let f = x + 450. What is the remainder when f is divided by 17?
11
Let a(k) = k**2 + 3*k - 10. Suppose 5*l + 4*x = 3*x + 32, 26 = 2*l - 4*x. Let g be a(l). Suppose 2*n = -4*n + g. What is the remainder when 29 is divided by n?
9
Calculate the remainder when -5 - (-6*((-30)/(-12))/(-5) + -207) is divided by 104.
95
Let a(k) = 2*k**2 - 122*k - 6. Let l(q) = 3*q - 4. What is the remainder when a(62) is divided by l(5)?
8
Let z = 8005 - 7989. Suppose 0 = -3*s + 8*s - 3*y - 336, 282 = 4*s + 2*y. Calculate the remainder when s is divided by z.
5
Suppose 0 = 4*d + 4*f + 972, -d + 3*f - 65 = 162. Let a = d - -245. What is the remainder when a is divided by 4?
2
Suppose -x + 130 = 4*x. Suppose -159 = -13*r + 12*r. Let v = -57 + r. Calculate the remainder when v is divided by x.
24
What is the remainder when (-120744)/(-56) - 42/(-49) is divided by 57?
48
Let c = 47 - 31. Let r = -34 + 17. What is the remainder when 10/(r/(-4) + -4) is divided by c?
8
Suppose -66 = 2*o - 4*o. What is the remainder when 5 - (-40 + (7 - 7)) is divided by o?
12
Suppose 2*o = -2*z + 8, -3*o + 5*z = 12 + 8. Suppose 4*m + 4*l = 12, 4*m + 5*l + 17 - 28 = o. Calculate the remainder when 109 is divided by m.
1
Let v(t) = 15*t - 358. Let l be v(0). Let m = l + 381. Calculate the remainder when 65 is divided by m.
19
Suppose -13*n + 9*n = -16. Suppose 0 = -w - n*g + 22, 3*w + g - 38 = -4*g. What is the remainder when 13 is divided by w?
1
Suppose 113819*n = 113846*n - 2484. Calculate the remainder when n is divided by 10*-2*5/(-4).
17
Suppose -3*p + q + 16 = 0, 34*q = -5*p + 39*q + 30. Let z(w) = -2*w**2 + 11*w + 6. Calculate the remainder when 32 is divided by z(p).
10
What is the remainder when 15/105 - 13558/(-14)*2 is divided by 17?
16
Suppose 2*a - 154 = 5*x, 87*a - 490 = 82*a - 5*x. What is the remainder when 2445 is divided by a?
53
Suppose g + 380 + 123 = 0. Let z = -420 - g. What is the remainder when z is divided by 2/((-60)/(-29) + -2)?
25
Let i(g) = -74*g - 24. Let x be i(-6). Suppose -12*f + x = -216. Suppose -2*q = -11 - 17. What is the remainder when f is divided by q?
11
What is the remainder when 966 is divided by 500/875 - 3380/(-14)?
240
Let p(u) = -27 + 21*u + 26 + 14 - 9*u. What is the remainder when p(3) is divided by 18?
13
Let l be 91/9 - 21/189. Calculate the remainder when 98 is divided by (-44)/l*(-145)/58.
10
Suppose -24 = 4*a - 40. Let n be (-2 - 476/(-8))*a. Suppose n - 6 = 5*r + 2*j, 0 = r + 5*j - 31. Calculate the remainder when 135 is divided by r.
43
Let y = 332 - 327. Suppose -5*l - 290 - 61 = -2*t, y*t = l + 912. Calculate the remainder when t is divided by 47.
42
Suppose 187 = 2*r - 87. Suppose -15*k + r = -148. Calculate the remainder when k is divided by 11.
8
Suppose t + 4*h = 194 + 311, -1004 = -2*t - 2*h. Suppose q + t = 5*g, q - 2*q - 400 = -4*g. What is the remainder when g is divided by 26?
23
Let g be 4/18 - (398/9 - -3). Let t = -43 - g. Suppose t*n + 4*d = 588, 5*n + 0*n = -d + 715. What is the remainder when n is divided by 36?
34
Suppose 2*s + 32 = 10*s. Suppose 5*w - 123 = -3*i - 20, i + 96 = s*w. Let c(j) = -j**2 + j + 68. What is the remainder when c(0) is divided by w?
22
Suppose -i - 2 = 2*p - 2*i, 5*p - 4 = -2*i. Suppose 3*h + h - 36 = p. Let g(q) = -q**2 + 16*q - 7. What is the remainder when g(13) is divided by h?
5
Let s = -779 + 787. Let a(k) = -k**2 + 18*k - 54. What is the remainder when 95 is divided by a(s)?
17
Let m = -112549 - -112585. Suppose x = 1 + 2. What is the remainder when m is divided by x?
0
Let w be ((-6)/(-8))/((-1)/24*-3). Suppose -w = r + 3. Calculate the remainder when 6 is divided by 40/15 - ((-3)/r)/(-1).
0
Suppose -31580 - 3903 = -37*p. Calculate the remainder when p is divided by 134.
21
Let r(g) = -2*g**3 - 8*g**2 - 3*g + 5. Let d be r(-5). Let x = -37 + d. What is the remainder when 4 is divided by (-2)/(-13) - x/(-39)?
0
Let l = 40 + -13. Let h = 10730 - 10521. What is the remainder when h is divided by l?
20
Suppose -2*b + y +